10. What is the tens digit of t?
1
Let f = 1383 - -37055. What is the thousands digit of f?
8
Suppose -66*j - 13*j = -1179865. What is the hundreds digit of j?
9
Let l be 990 - -1*(6 - 3). Suppose 88*i = 91*i - l. What is the units digit of i?
1
Let q(t) = 8*t**3 - 3*t**2 - 2*t. Let h(m) = -m**3 - 7*m**2 + 6*m - 17. Let v be h(-8). Let p be q(v). Let l = 76 - p. What is the tens digit of l?
8
Let k = -54580 + 84460. What is the units digit of k?
0
Let v = -231 - -117. Let g = -19 - v. What is the units digit of g?
5
Let y(a) = a**3 - a**2 + a. Let o be y(1). Suppose 1792 = 164*i - 148*i. What is the tens digit of (-8 - -5) + i + o?
1
Suppose 0 = 72*n - 6*n - 2033130. What is the units digit of n?
5
Let b be (-219)/(-2) - 1/(-2). Let c(h) = 2*h**2 + 25*h + 31. Let r be c(-9). Let o = r + b. What is the units digit of o?
8
Let o be 41*(-2)/3 - (-8)/(-12). What is the tens digit of (-20152)/o + 6/21 - -5?
2
Let p(s) = -3115*s + 1269. What is the ten thousands digit of p(-24)?
7
Let m(d) = -685*d - 7346. What is the ten thousands digit of m(-56)?
3
Let u be ((-12)/(-9))/(8/12) - 1002. Let b = u - -1401. What is the units digit of b?
1
Let d(o) = 6957*o + 7055. What is the thousands digit of d(8)?
2
What is the hundreds digit of (821/2)/((-113)/(-678))?
4
Let z(b) = 598*b**2 - b + 2. Suppose 7*h = 7 - 0. What is the tens digit of z(h)?
9
Suppose 7214 = 3*b - 27798 - 4567. What is the tens digit of b?
9
Suppose -32*s + 31*s = -1. What is the thousands digit of 0 + 4 + (-2532)/(-1 - s)?
1
Let q(v) = -395*v + 66. Suppose i - 13 = 5*k, 9*i + 2 = -4*k + 14*i. What is the tens digit of q(k)?
5
Let o be ((-2)/(-10))/(4/60). Suppose v = -o*v + 164. Let c = v - 35. What is the units digit of c?
6
Suppose -4*j + 27*h - 28*h + 38003 = 0, -4*h + 37988 = 4*j. What is the units digit of j?
2
Let g = 19797 + -9053. What is the tens digit of g?
4
Suppose -1679 = -d + 43. Let i = d + -1207. What is the units digit of i/3 + 3 + 4/(-6)?
4
Let i be 2/(1*-2) - (-4 + 3). Suppose i = -3*x - 51 - 33. What is the units digit of (-66)/(-3)*(4 - x/(-8))?
1
Suppose -2*w = j - 7308 + 119, -j - 14375 = -4*w. What is the tens digit of w?
9
Let v(b) = -45*b**2 - 74*b - 32. Let f be v(-10). Let p = -2182 - f. What is the hundreds digit of p?
6
Suppose -3*w = -2*i + 9860, 33*w - 24664 = -5*i + 37*w. What is the thousands digit of i?
4
Let h be 4/(-6)*84/(-8). What is the hundreds digit of 0/4 - (h + -113)?
1
Let d(m) = 25*m**2 + 27*m + 2. Let c = -122 + 125. What is the tens digit of d(c)?
0
Let m be 8/(-24) - 52/(-12). Suppose 0 = -3*t + 2*g + 574, -m*t + 762 = g - 2*g. What is the units digit of t?
0
Let n be (50/3)/(12/18). Suppose 3*f = 106 - n. What is the tens digit of f?
2
Let i be (4 - (-1 + -39))/(-1). Let y = 831 - i. Suppose -8*p = -p - y. What is the tens digit of p?
2
Suppose -284 = 4*f - 4*x, -144 = 2*f - 6*x + 5*x. Let h = f + 13. Let q = 77 + h. What is the units digit of q?
7
Let g(h) = -42*h - 3. Let j(k) = k**3 + 9*k**2 - 10*k - 1. Suppose -5*o - 39 - 11 = 0. Let b be j(o). What is the tens digit of g(b)?
3
Let h = -15395 + 35222. What is the units digit of h?
7
Let m = 60 + -70. Let q be (18/12)/(-3)*m. Suppose -3*z - q*b + 4*b + 234 = 0, 0 = -2*z - 2*b + 152. What is the tens digit of z?
7
Suppose 49*g - 328638 = 1142734. What is the tens digit of g?
2
Let h = -25 - -33. Suppose -23*n - 15 = -h*n. What is the units digit of (-10)/((-5)/n)*-39?
8
Let k be (-1690)/(-12) - (-5)/30. Suppose -5*r = -2661 + k. What is the tens digit of r?
0
What is the units digit of ((-188)/(-282))/((-2)/(-19329))?
3
Suppose -2*w = -5*o - 7*w + 20, o + 2*w - 4 = 0. Suppose -3*m + 1343 = -2*z, -o*m + 7*m - 1341 = 3*z. What is the hundreds digit of m?
4
Let r(g) be the first derivative of g**7/840 + 11*g**6/360 + g**5/20 + 4*g**3 - 9. Let m(l) be the third derivative of r(l). What is the tens digit of m(-10)?
4
Let k(r) be the third derivative of r**6/120 - 7*r**5/60 - r**4/4 - 13*r**3/6 - 35*r**2. Let x be k(8). What is the tens digit of (-248 + 0)*(x - (-56)/(-16))?
2
Let h be (-14960)/(-30) + -3*(-4)/(-18). Suppose 10*m - 8*m + 8 = 0, 0 = -2*r - 5*m + h. What is the tens digit of r?
5
What is the hundreds digit of 372/(-93) - (0 + -661)?
6
Let k = -65 - -70. Suppose -4 = -k*d + 21. Suppose 5*p = 2*t - 287, -493 = -3*t - 0*t - d*p. What is the units digit of t?
6
What is the hundreds digit of (-110)/88*82/(-10)*860?
8
What is the units digit of 13176 - ((-2)/15 + (-6)/(-270)*186)?
2
Let y(p) = p**3 + 50*p**2 - 130*p - 58. What is the units digit of y(-51)?
1
Suppose 0 = 221*d - 214*d - 143906. What is the tens digit of d?
5
Suppose -600 = 4*l + 4*i, -122 = l + 2*i + 29. Suppose p = 2*y + 60, -5*y - 2*p + 6*p - 150 = 0. Let v = y - l. What is the hundreds digit of v?
1
Suppose 5*h = 3*h + 5*o - 919, -446 = h + 2*o. Let m = -314 - h. What is the hundreds digit of m?
1
Let u(w) = 11*w**2 + 14*w + 26608. What is the units digit of u(0)?
8
Let r be (-6)/(-3 - 0) + (56 - 58). Suppose r = 4*d + 333 - 3629. What is the units digit of d?
4
Suppose -5*s - 50 = 5*b, -s = -0*b - 4*b + 30. What is the hundreds digit of s/(-21)*-6 + -2 + 452?
4
Suppose 0 = 7*o - 8*o - 5*c + 22493, -c = 2*o - 45022. What is the hundreds digit of o?
5
Suppose 0 = 5*m + 611 - 1956. Let h = m + -586. What is the units digit of (-6)/12 - h/2?
8
Let f = 4742 + -4511. What is the tens digit of f?
3
Let v = 8452 + 553. What is the hundreds digit of v?
0
Let j(a) = -5 - 19 - 33 - 21*a - 10. What is the units digit of j(-5)?
8
What is the hundreds digit of (-78)/(-12) + -8 - (4 + 106437/(-2))?
2
Suppose 3 = -j, -775 + 3702 = s - 2*j. Suppose 5*p = s - 691. What is the units digit of p?
6
Suppose 1353*l - 1362*l = -65799. What is the thousands digit of l?
7
Let m(y) = y**2 + 14*y + 13. Let t be m(-13). Suppose t = 7*d + 1 + 6. What is the tens digit of d + 35 + 6/2?
3
Suppose -4*v - 29 = p, -3*v = p + 4*p + 128. Let o = p - -112. What is the units digit of o?
7
Suppose 28 = 25*d - 22. Suppose -5*o + 1395 = z, 2*o = d*z - 6*z + 558. What is the tens digit of o?
7
Let k(c) = -213 + 189 - 94 - 75*c. What is the hundreds digit of k(-11)?
7
Let d = -24 - -27. Suppose -d*c + 108 = 5*z, 4*z + 32 = 5*z - 2*c. Suppose z + 264 = 4*m. What is the tens digit of m?
7
Let m(z) = -85*z - 70. Let f be m(-5). Let g = f + -226. What is the tens digit of g?
2
Suppose 98973 + 28957 = 10*z. What is the tens digit of z?
9
Let b(d) = -2121*d + 2074. What is the tens digit of b(-7)?
2
Let j = -35 + 38. Suppose 96 = j*t - 174. Suppose -11*c = -5*c - t. What is the tens digit of c?
1
Let j = -476 + 444. Let t(w) = w**2 - 2*w - 71. What is the hundreds digit of t(j)?
0
Let o(t) = 3*t**2 + 19*t - 8. Let k be o(-7). Let h(g) = 171*g - 8. What is the hundreds digit of h(k)?
0
What is the thousands digit of 8/(-12)*(-69606)/36?
1
Let g(d) = 145*d**2 - 58*d + 20. What is the hundreds digit of g(7)?
7
Let m = -12206 + 18188. What is the thousands digit of m?
5
Suppose -m = -5*o - 19, o - 1 = 4*m + 18. Let x be (-150)/(-42) + m/(-14). Suppose -2*b = 4, -x*s + 466 = -s - 2*b. What is the units digit of s?
4
Suppose -2*g + 91 = 3. Let m = -42 + g. Suppose 3*o + o - 224 = -3*d, -4*d + m*o = -328. What is the tens digit of d?
8
What is the hundreds digit of 1/(-4) + (-5)/(-52) - 5768406/(-27846)?
2
Let j(y) be the first derivative of 4*y**3 + y**2 - 24*y - 2. What is the units digit of j(4)?
6
Let u(y) = -2*y**3 - 25*y**2 - 143*y - 66. What is the thousands digit of u(-15)?
3
Let k(b) = -b**2 + 399. Let i(d) = -d**2 - d + 399. Let o(v) = -3*i(v) + 4*k(v). What is the tens digit of o(0)?
9
Let b be (-5)/(-15)*1*-60. Let h be -8 + 1*(-6)/(-2). Let k = h - b. What is the tens digit of k?
1
What is the tens digit of (-15)/2*(2/5 + 4174908/(-570))?
3
Suppose -5*g - 299 = t + 134, 5*t = 5*g - 2045. Let f = t - -685. Suppose 0 = 3*i + 5*h - f, 3*i + 4*h - 327 = -59. What is the tens digit of i?
8
Suppose 0 = -8*s + 4539 - 15139. Let w = s - -2239. What is the tens digit of w?
1
Suppose -5*w - 5*s = -70, 5*s - 27 = -w - 1. Let p(i) = -i**3 + 13*i**2 - 6*i + 2. Let h be p(w). What is the units digit of (3 - (1 - -3))/((-2)/h)?
9
Suppose -3*p + 78 = 3*a, 5*a = 5*p - 2*p - 86. Let z(s) = 20*s - 116. What is the units digit of z(p)?
4
Let l(h) = h**3 + 10*h**2 + 9*h +